[INFO] cloning repository https://github.com/Xanthus58/bully_luna_v4
[INFO] running `Command { std: "git" "-c" "credential.helper=" "-c" "credential.helper=/workspace/cargo-home/bin/git-credential-null" "clone" "--bare" "https://github.com/Xanthus58/bully_luna_v4" "/workspace/cache/git-repos/https%3A%2F%2Fgithub.com%2FXanthus58%2Fbully_luna_v4", kill_on_drop: false }`
[INFO] [stderr] Cloning into bare repository '/workspace/cache/git-repos/https%3A%2F%2Fgithub.com%2FXanthus58%2Fbully_luna_v4'...
[INFO] running `Command { std: "git" "rev-parse" "HEAD", kill_on_drop: false }`
[INFO] [stdout] ee12871cc03d72f25ce3f98a4ed28b6495062867
[INFO] checking Xanthus58/bully_luna_v4 against master#e6e4f7ed1589e03bc2f6c5931c1a72e7947e8682 for beta-170-4
[INFO] running `Command { std: "git" "clone" "/workspace/cache/git-repos/https%3A%2F%2Fgithub.com%2FXanthus58%2Fbully_luna_v4" "/workspace/builds/worker-4-tc2/source", kill_on_drop: false }`
[INFO] [stderr] Cloning into '/workspace/builds/worker-4-tc2/source'...
[INFO] [stderr] done.
[INFO] validating manifest of git repo https://github.com/Xanthus58/bully_luna_v4 on toolchain e6e4f7ed1589e03bc2f6c5931c1a72e7947e8682
[INFO] running `Command { std: CARGO_HOME="/workspace/cargo-home" RUSTUP_HOME="/workspace/rustup-home" "/workspace/cargo-home/bin/cargo" "+e6e4f7ed1589e03bc2f6c5931c1a72e7947e8682" "metadata" "--manifest-path" "Cargo.toml" "--no-deps", kill_on_drop: false }`
[INFO] started tweaking git repo https://github.com/Xanthus58/bully_luna_v4
[INFO] finished tweaking git repo https://github.com/Xanthus58/bully_luna_v4
[INFO] tweaked toml for git repo https://github.com/Xanthus58/bully_luna_v4 written to /workspace/builds/worker-4-tc2/source/Cargo.toml
[INFO] crate git repo https://github.com/Xanthus58/bully_luna_v4 already has a lockfile, it will not be regenerated
[INFO] running `Command { std: CARGO_HOME="/workspace/cargo-home" RUSTUP_HOME="/workspace/rustup-home" "/workspace/cargo-home/bin/cargo" "+e6e4f7ed1589e03bc2f6c5931c1a72e7947e8682" "fetch" "--manifest-path" "Cargo.toml", kill_on_drop: false }`
[INFO] running `Command { std: "docker" "create" "-v" "/var/lib/crater-agent-workspace/builds/worker-4-tc2/target:/opt/rustwide/target:rw,Z" "-v" "/var/lib/crater-agent-workspace/builds/worker-4-tc2/source:/opt/rustwide/workdir:ro,Z" "-v" "/var/lib/crater-agent-workspace/cargo-home:/opt/rustwide/cargo-home:ro,Z" "-v" "/var/lib/crater-agent-workspace/rustup-home:/opt/rustwide/rustup-home:ro,Z" "-e" "SOURCE_DIR=/opt/rustwide/workdir" "-e" "CARGO_TARGET_DIR=/opt/rustwide/target" "-e" "CARGO_HOME=/opt/rustwide/cargo-home" "-e" "RUSTUP_HOME=/opt/rustwide/rustup-home" "-w" "/opt/rustwide/workdir" "-m" "1610612736" "--user" "0:0" "--network" "none" "ghcr.io/rust-lang/crates-build-env/linux@sha256:19e73879b68f455e41552ea35293514db52ea292d993f571636dbffedb77a1ee" "/opt/rustwide/cargo-home/bin/cargo" "+e6e4f7ed1589e03bc2f6c5931c1a72e7947e8682" "metadata" "--no-deps" "--format-version=1", kill_on_drop: false }`
[INFO] [stdout] f7a1fab954d9880d59bd59268c74be77d6eb04b0fa23de3e4ddffe3fb8f768d2
[INFO] running `Command { std: "docker" "start" "-a" "f7a1fab954d9880d59bd59268c74be77d6eb04b0fa23de3e4ddffe3fb8f768d2", kill_on_drop: false }`
[INFO] running `Command { std: "docker" "inspect" "f7a1fab954d9880d59bd59268c74be77d6eb04b0fa23de3e4ddffe3fb8f768d2", kill_on_drop: false }`
[INFO] running `Command { std: "docker" "rm" "-f" "f7a1fab954d9880d59bd59268c74be77d6eb04b0fa23de3e4ddffe3fb8f768d2", kill_on_drop: false }`
[INFO] [stdout] f7a1fab954d9880d59bd59268c74be77d6eb04b0fa23de3e4ddffe3fb8f768d2
[INFO] running `Command { std: "docker" "create" "-v" "/var/lib/crater-agent-workspace/builds/worker-4-tc2/target:/opt/rustwide/target:rw,Z" "-v" "/var/lib/crater-agent-workspace/builds/worker-4-tc2/source:/opt/rustwide/workdir:ro,Z" "-v" "/var/lib/crater-agent-workspace/cargo-home:/opt/rustwide/cargo-home:ro,Z" "-v" "/var/lib/crater-agent-workspace/rustup-home:/opt/rustwide/rustup-home:ro,Z" "-e" "SOURCE_DIR=/opt/rustwide/workdir" "-e" "CARGO_TARGET_DIR=/opt/rustwide/target" "-e" "CARGO_INCREMENTAL=0" "-e" "RUST_BACKTRACE=full" "-e" "RUSTFLAGS=--cap-lints=forbid" "-e" "RUSTDOCFLAGS=--cap-lints=forbid" "-e" "CARGO_HOME=/opt/rustwide/cargo-home" "-e" "RUSTUP_HOME=/opt/rustwide/rustup-home" "-w" "/opt/rustwide/workdir" "-m" "1610612736" "--user" "0:0" "--network" "none" "ghcr.io/rust-lang/crates-build-env/linux@sha256:19e73879b68f455e41552ea35293514db52ea292d993f571636dbffedb77a1ee" "/opt/rustwide/cargo-home/bin/cargo" "+e6e4f7ed1589e03bc2f6c5931c1a72e7947e8682" "check" "--frozen" "--all" "--all-targets" "--message-format=json", kill_on_drop: false }`
[INFO] [stdout] 7753544810e7bdc32740d12baac19a7b6da718efa3d209ab34695516fc5e1ac8
[INFO] running `Command { std: "docker" "start" "-a" "7753544810e7bdc32740d12baac19a7b6da718efa3d209ab34695516fc5e1ac8", kill_on_drop: false }`
[INFO] [stderr]    Compiling libc v0.2.132
[INFO] [stderr]    Compiling proc-macro2 v1.0.43
[INFO] [stderr]    Compiling unicode-ident v1.0.3
[INFO] [stderr]    Compiling quote v1.0.21
[INFO] [stderr]    Compiling syn v1.0.99
[INFO] [stderr]    Compiling log v0.4.17
[INFO] [stderr]     Checking once_cell v1.13.1
[INFO] [stderr]    Compiling cc v1.0.73
[INFO] [stderr]     Checking smallvec v1.9.0
[INFO] [stderr]    Compiling xml-rs v0.8.4
[INFO] [stderr]    Compiling wayland-sys v0.29.5
[INFO] [stderr]    Compiling cmake v0.1.48
[INFO] [stderr]     Checking dlib v0.5.0
[INFO] [stderr]     Checking tracing-core v0.1.29
[INFO] [stderr]     Checking scoped-tls v1.0.0
[INFO] [stderr]    Compiling khronos_api v3.1.0
[INFO] [stderr]     Checking tracing v0.1.36
[INFO] [stderr]    Compiling slotmap v1.0.6
[INFO] [stderr]     Checking minimal-lexical v0.2.1
[INFO] [stderr]     Checking nom v7.1.1
[INFO] [stderr]    Compiling wayland-scanner v0.29.5
[INFO] [stderr]    Compiling freetype-sys v0.13.1
[INFO] [stderr]    Compiling expat-sys v2.1.6
[INFO] [stderr]    Compiling openssl-sys v0.9.75
[INFO] [stderr]     Checking parking_lot_core v0.9.3
[INFO] [stderr]     Checking nix v0.24.2
[INFO] [stderr]     Checking parking_lot v0.12.1
[INFO] [stderr]     Checking mio v0.8.4
[INFO] [stderr]    Compiling servo-fontconfig-sys v5.1.0
[INFO] [stderr]    Compiling futures-core v0.3.24
[INFO] [stderr]     Checking bytes v1.2.1
[INFO] [stderr]    Compiling gl_generator v0.14.0
[INFO] [stderr]     Checking xcursor v0.3.4
[INFO] [stderr]    Compiling ahash v0.8.0
[INFO] [stderr]    Compiling tokio v1.20.1
[INFO] [stderr]    Compiling wayland-client v0.29.5
[INFO] [stderr]    Compiling wayland-protocols v0.29.5
[INFO] [stderr]    Compiling smithay-client-toolkit v0.16.0
[INFO] [stderr]     Checking ttf-parser v0.15.2
[INFO] [stderr]     Checking itoa v1.0.3
[INFO] [stderr]     Checking miniz_oxide v0.5.3
[INFO] [stderr]     Checking deflate v1.0.0
[INFO] [stderr]     Checking num_cpus v1.13.1
[INFO] [stderr]     Checking socket2 v0.4.6
[INFO] [stderr]     Checking wayland-commons v0.29.5
[INFO] [stderr]     Checking getrandom v0.2.7
[INFO] [stderr]     Checking memmap2 v0.5.7
[INFO] [stderr]     Checking signal-hook-registry v1.4.0
[INFO] [stderr]    Compiling slab v0.4.7
[INFO] [stderr]    Compiling x11-dl v2.20.0
[INFO] [stderr]    Compiling crossfont v0.5.0
[INFO] [stderr]    Compiling futures-task v0.3.24
[INFO] [stderr]     Checking foreign-types-shared v0.3.1
[INFO] [stderr]     Checking arrayref v0.3.6
[INFO] [stderr]     Checking servo-fontconfig v0.5.1
[INFO] [stderr]     Checking png v0.17.5
[INFO] [stderr]     Checking unicode-normalization v0.1.21
[INFO] [stderr]     Checking freetype-rs v0.26.0
[INFO] [stderr]     Checking owned_ttf_parser v0.15.1
[INFO] [stderr]    Compiling indexmap v1.9.1
[INFO] [stderr]     Checking ab_glyph v0.2.16
[INFO] [stderr]    Compiling openssl v0.10.41
[INFO] [stderr]     Checking wayland-cursor v0.29.5
[INFO] [stderr]    Compiling futures-util v0.3.24
[INFO] [stderr]     Checking foreign-types-shared v0.1.1
[INFO] [stderr]     Checking arrayvec v0.5.2
[INFO] [stderr]     Checking idna v0.2.3
[INFO] [stderr]     Checking foreign-types v0.3.2
[INFO] [stderr]     Checking http v0.2.8
[INFO] [stderr]     Checking futures-sink v0.3.24
[INFO] [stderr]     Checking futures-io v0.3.24
[INFO] [stderr]    Compiling futures-channel v0.3.24
[INFO] [stderr]    Compiling native-tls v0.2.10
[INFO] [stderr]    Compiling httparse v1.7.1
[INFO] [stderr]     Checking hashbrown v0.12.3
[INFO] [stderr]    Compiling serde v1.0.144
[INFO] [stderr]     Checking url v2.2.2
[INFO] [stderr]     Checking raw-window-handle v0.5.0
[INFO] [stderr]    Compiling glutin_glx_sys v0.1.8
[INFO] [stderr]    Compiling glutin_egl_sys v0.1.6
[INFO] [stderr]     Checking nix v0.22.3
[INFO] [stderr]     Checking gethostname v0.2.3
[INFO] [stderr]     Checking openssl-probe v0.1.5
[INFO] [stderr]     Checking try-lock v0.2.3
[INFO] [stderr]     Checking want v0.3.0
[INFO] [stderr]    Compiling bytemuck_derive v1.2.1
[INFO] [stderr]    Compiling thiserror-impl v1.0.32
[INFO] [stderr]    Compiling tokio-macros v1.8.0
[INFO] [stderr]    Compiling foreign-types-macros v0.2.2
[INFO] [stderr]    Compiling openssl-macros v0.1.0
[INFO] [stderr]     Checking bytemuck v1.12.1
[INFO] [stderr]     Checking foreign-types v0.5.0
[INFO] [stderr]     Checking emath v0.19.0
[INFO] [stderr]     Checking safe_arch v0.5.2
[INFO] [stderr]     Checking tiny-skia-path v0.7.0
[INFO] [stderr]     Checking epaint v0.19.0
[INFO] [stderr]     Checking thiserror v1.0.32
[INFO] [stderr]     Checking tiny-skia v0.7.0
[INFO] [stderr]     Checking calloop v0.10.1
[INFO] [stderr]     Checking x11rb v0.9.0
[INFO] [stderr]     Checking egui v0.19.0
[INFO] [stderr]     Checking http-body v0.4.5
[INFO] [stderr]     Checking shared_library v0.1.9
[INFO] [stderr]     Checking ryu v1.0.11
[INFO] [stderr]     Checking httpdate v1.0.2
[INFO] [stderr]    Compiling serde_json v1.0.85
[INFO] [stderr]     Checking tower-service v0.3.2
[INFO] [stderr]    Compiling encoding_rs v0.8.31
[INFO] [stderr]     Checking osmesa-sys v0.1.2
[INFO] [stderr]     Checking webbrowser v0.7.1
[INFO] [stderr]     Checking wayland-egl v0.29.5
[INFO] [stderr]     Checking serde_urlencoded v0.7.1
[INFO] [stderr]     Checking mime v0.3.16
[INFO] [stderr]     Checking ipnet v2.5.0
[INFO] [stderr]     Checking egui_glow v0.19.0
[INFO] [stderr]     Checking egui-notify v0.3.0
[INFO] [stderr]     Checking dotenv v0.15.0
[INFO] [stderr]     Checking tokio-util v0.7.3
[INFO] [stderr]     Checking tokio-native-tls v0.3.0
[INFO] [stderr]     Checking h2 v0.3.14
[INFO] [stderr]     Checking arboard v2.1.1
[INFO] [stderr]     Checking sctk-adwaita v0.4.2
[INFO] [stderr]     Checking smithay-clipboard v0.6.6
[INFO] [stderr]     Checking winit v0.27.2
[INFO] [stderr]     Checking hyper v0.14.20
[INFO] [stderr]     Checking glutin v0.29.1
[INFO] [stderr]     Checking egui-winit v0.19.0
[INFO] [stderr]     Checking eframe v0.19.0
[INFO] [stderr]     Checking hyper-tls v0.5.0
[INFO] [stderr]     Checking reqwest v0.11.11
[INFO] [stderr]     Checking bully_luna_v4 v1.2.2 (/opt/rustwide/workdir)
[INFO] [stdout] error[E0583]: file not found for module `tokens`
[INFO] [stdout]   --> src/app/api_handler.rs:15:1
[INFO] [stdout]    |
[INFO] [stdout] 15 | mod tokens;
[INFO] [stdout]    | ^^^^^^^^^^^
[INFO] [stdout]    |
[INFO] [stdout]    = help: to create the module `tokens`, create file "src/app/api_handler/tokens.rs" or "src/app/api_handler/tokens/mod.rs"
[INFO] [stdout] 
[INFO] [stdout] 
[INFO] [stdout] error[E0583]: file not found for module `tokens`
[INFO] [stdout]   --> src/app/api_handler.rs:15:1
[INFO] [stdout]    |
[INFO] [stdout] 15 | mod tokens;
[INFO] [stdout]    | ^^^^^^^^^^^
[INFO] [stdout]    |
[INFO] [stdout]    = help: to create the module `tokens`, create file "src/app/api_handler/tokens.rs" or "src/app/api_handler/tokens/mod.rs"
[INFO] [stdout] 
[INFO] [stdout] 
[INFO] [stdout] warning: unused import: `tokens::*`
[INFO] [stdout]   --> src/app/api_handler.rs:16:5
[INFO] [stdout]    |
[INFO] [stdout] 16 | use tokens::*;
[INFO] [stdout]    |     ^^^^^^^^^
[INFO] [stdout]    |
[INFO] [stdout]    = note: `#[warn(unused_imports)]` on by default
[INFO] [stdout] 
[INFO] [stdout] 
[INFO] [stdout] warning: unused import: `tokens::*`
[INFO] [stdout]   --> src/app/api_handler.rs:16:5
[INFO] [stdout]    |
[INFO] [stdout] 16 | use tokens::*;
[INFO] [stdout]    |     ^^^^^^^^^
[INFO] [stdout]    |
[INFO] [stdout]    = note: `#[warn(unused_imports)]` on by default
[INFO] [stdout] 
[INFO] [stdout] 
[INFO] [stdout] warning: unused imports: `Vec2`, `Visuals`
[INFO] [stdout]  --> src/main.rs:5:20
[INFO] [stdout]   |
[INFO] [stdout] 5 | use eframe::egui::{Vec2, Visuals};
[INFO] [stdout]   |                    ^^^^  ^^^^^^^
[INFO] [stdout] 
[INFO] [stdout] 
[INFO] [stdout] warning: unused imports: `Vec2`, `Visuals`
[INFO] [stdout]  --> src/main.rs:5:20
[INFO] [stdout]   |
[INFO] [stdout] 5 | use eframe::egui::{Vec2, Visuals};
[INFO] [stdout]   |                    ^^^^  ^^^^^^^
[INFO] [stdout] 
[INFO] [stdout] 
[INFO] [stdout] error[E0425]: cannot find function, tuple struct or tuple variant `WEBHOOK_URL` in this scope
[INFO] [stdout]   --> src/app/api_handler.rs:20:23
[INFO] [stdout]    |
[INFO] [stdout] 20 |     let WEBHOOK_URL = WEBHOOK_URL();
[INFO] [stdout]    |                       ^^^^^^^^^^^ not found in this scope
[INFO] [stdout] 
[INFO] [stdout] 
[INFO] [stdout] error[E0425]: cannot find function, tuple struct or tuple variant `IMAGE_URL` in this scope
[INFO] [stdout]   --> src/app/api_handler.rs:21:21
[INFO] [stdout]    |
[INFO] [stdout] 21 |     let IMAGE_URL = IMAGE_URL();
[INFO] [stdout]    |                     ^^^^^^^^^ not found in this scope
[INFO] [stdout] 
[INFO] [stdout] 
[INFO] [stdout] error[E0425]: cannot find function, tuple struct or tuple variant `DISCORD_ID` in this scope
[INFO] [stdout]   --> src/app/api_handler.rs:22:22
[INFO] [stdout]    |
[INFO] [stdout] 22 |     let DISCORD_ID = DISCORD_ID();
[INFO] [stdout]    |                      ^^^^^^^^^^ not found in this scope
[INFO] [stdout] 
[INFO] [stdout] 
[INFO] [stdout] error[E0425]: cannot find function, tuple struct or tuple variant `USERNAME` in this scope
[INFO] [stdout]   --> src/app/api_handler.rs:23:20
[INFO] [stdout]    |
[INFO] [stdout] 23 |     let USERNAME = USERNAME();
[INFO] [stdout]    |                    ^^^^^^^^ not found in this scope
[INFO] [stdout] 
[INFO] [stdout] 
[INFO] [stdout] error[E0425]: cannot find function, tuple struct or tuple variant `WEBHOOK_URL` in this scope
[INFO] [stdout]   --> src/app/api_handler.rs:20:23
[INFO] [stdout]    |
[INFO] [stdout] 20 |     let WEBHOOK_URL = WEBHOOK_URL();
[INFO] [stdout]    |                       ^^^^^^^^^^^ not found in this scope
[INFO] [stdout] 
[INFO] [stdout] 
[INFO] [stdout] error[E0425]: cannot find function, tuple struct or tuple variant `IMAGE_URL` in this scope
[INFO] [stdout]   --> src/app/api_handler.rs:21:21
[INFO] [stdout]    |
[INFO] [stdout] 21 |     let IMAGE_URL = IMAGE_URL();
[INFO] [stdout]    |                     ^^^^^^^^^ not found in this scope
[INFO] [stdout] 
[INFO] [stdout] 
[INFO] [stdout] error[E0425]: cannot find function, tuple struct or tuple variant `DISCORD_ID` in this scope
[INFO] [stdout]   --> src/app/api_handler.rs:22:22
[INFO] [stdout]    |
[INFO] [stdout] 22 |     let DISCORD_ID = DISCORD_ID();
[INFO] [stdout]    |                      ^^^^^^^^^^ not found in this scope
[INFO] [stdout] 
[INFO] [stdout] 
[INFO] [stdout] error[E0425]: cannot find function, tuple struct or tuple variant `USERNAME` in this scope
[INFO] [stdout]   --> src/app/api_handler.rs:23:20
[INFO] [stdout]    |
[INFO] [stdout] 23 |     let USERNAME = USERNAME();
[INFO] [stdout]    |                    ^^^^^^^^ not found in this scope
[INFO] [stdout] 
[INFO] [stdout] 
[INFO] [stdout] error: aborting due to 5 previous errors; 2 warnings emitted
[INFO] [stdout] 
[INFO] [stdout] 
[INFO] [stdout] Some errors have detailed explanations: E0425, E0583.
[INFO] [stdout] 
[INFO] [stdout] For more information about an error, try `rustc --explain E0425`.
[INFO] [stdout] 
[INFO] [stderr] error: could not compile `bully_luna_v4` (bin "bully_luna_v4") due to 6 previous errors; 2 warnings emitted
[INFO] [stderr] warning: build failed, waiting for other jobs to finish...
[INFO] [stdout] error: aborting due to 5 previous errors; 2 warnings emitted
[INFO] [stdout] 
[INFO] [stdout] 
[INFO] [stdout] Some errors have detailed explanations: E0425, E0583.
[INFO] [stdout] 
[INFO] [stdout] For more information about an error, try `rustc --explain E0425`.
[INFO] [stdout] 
[INFO] [stderr] error: could not compile `bully_luna_v4` (bin "bully_luna_v4" test) due to 6 previous errors; 2 warnings emitted
[INFO] running `Command { std: "docker" "inspect" "7753544810e7bdc32740d12baac19a7b6da718efa3d209ab34695516fc5e1ac8", kill_on_drop: false }`
[INFO] running `Command { std: "docker" "rm" "-f" "7753544810e7bdc32740d12baac19a7b6da718efa3d209ab34695516fc5e1ac8", kill_on_drop: false }`
[INFO] [stdout] 7753544810e7bdc32740d12baac19a7b6da718efa3d209ab34695516fc5e1ac8
